 - -27)?
4
Evaluate 0 - (-1 + 2 + -5 + 6 - 4).
2
Evaluate (-6 - 4) + (-1 - 0 - (-34 - -42)).
-19
What is 0 + -17 + -225 + 245?
3
Calculate -6 + 11 + -19 + (25 - 2).
9
Calculate -28 + -5 + 9 + (-1 - (-3 + -4)).
-18
Calculate 0 + 25 - (9 - (-10 - -28)).
34
Calculate 0 - ((29 - 15) + -11).
-3
Evaluate (-24 - (-39 - -1)) + 8.
22
Evaluate -7 - (40 + -14 - 64).
31
What is the value of -1 + -4 + 49 + -64?
-20
-13 - (-16 + 4 + 7)
-8
Evaluate 12 - ((1 + 7 - -10) + -12).
6
What is -14 - -1 - (72 - 85 - (1 + -11))?
-10
Evaluate -2 + 0 + 5 + 13 + -24.
-8
What is 1 + 8 + 299 + -317?
-9
What is (0 - 1 - -1) + (56 - (-7 + 52))?
11
8 + (-12 - -20) + -2
14
What is the value of 11 - 4 - (11 - (-9 + -1))?
-14
13 + -3 - (4 + -12 + 25)
-7
Evaluate (-8 - -30) + -4 + 4 + -8.
14
Calculate 2 - (4 + 1 + -3).
0
12 + (-10 - -6) - 22
-14
What is (24 - -3) + -89 + 33?
-29
What is -2 - (-3 + (2 - -9) - 10) - -2?
2
What is the value of (17 + -5 - 14) + -13?
-15
-7 + -6 + (25 - 14)
-2
What is 17 + -7 - 50 - -47?
7
Calculate (18 - 14 - -3) + (0 - -3).
10
What is the value of (5 - (-9 - -2)) + (60 - 75)?
-3
Calculate 4 - 0 - (-9 - -3 - 3).
13
Evaluate -2 + 3 - -15 - (188 + -185).
13
Calculate 1 + 7 + (-77 + 76 - 40).
-33
17 + (14 - 18 - 1) - (2 - -1)
9
What is the value of -1 + -2 + (-3 + 6 - (-68 + 67))?
1
-4 + (-5 - -16) - (-140 - -164)
-17
Evaluate (-289 - -261) + 15 + -1 - 1.
-15
Calculate 4 - (-5 - -11) - (2 - 6 - -1).
1
What is the value of -1 + -19 + 15 - (2 - 0) - 1?
-8
Evaluate (-4 - 2 - -8) + 4 - (-4 - -17).
-7
Calculate -12 - (-27 - (14 - (-2 - -30))).
1
What is -29 - (-6 - 13) - (-7 - (-2 + 1))?
-4
17 - (-15 + (9 - -18))
5
What is -2 + (1 - -2) + -5 + 11 + -11?
-4
What is (-3 - -1) + -4 + 1 + 4 - -7?
6
What is the value of 11 - -4 - 8 - (-2 + 4 + 5)?
0
What is -1 - (7 + (21 - 6))?
-23
What is the value of -3 + 2 + 174 + -152?
21
21 + -22 + (28 - (2 - 3))
28
What is the value of -17 + (2 - 0 - -22)?
7
5 - 4 - (-5 + (25 - 5 - 9))
-5
Evaluate -12 + (-16 - (-6 - -5 - 5)).
-22
What is the value of (-1 - -3) + 7 + 53 + -37 + -9?
16
Evaluate -8 + (-24 + -4 - -26).
-10
-8 + -3 + 8 - -11
8
20 + -16 - (5 + -9 - (-2 + -1))
5
Evaluate 7 + (1 - 1) + (-58 - -51).
0
What is -40 - ((50 - 13) + -88)?
11
What is the value of -6 + 6 - (8 - (9 + -10))?
-9
What is the value of -636 + 635 + (4 - 0)?
3
Evaluate -264 + 258 + -2 + 23.
15
What is -10 + 3 + -17 + (-13 - -23)?
-14
6 + (7 - (7 - -20 - 14))
0
28 + (-12 - -3) + -3
16
Evaluate (-1 - -5) + (0 - 5) + (-25 - -19).
-7
Calculate -11 + 16 + -7 + -6 + 1.
-7
Evaluate -9 - (-7 - -15 - 12).
-5
What is (-15 - 2) + (-14 + 6 - -7)?
-18
Evaluate (-3396 - -3393) + (0 - -26).
23
0 + -2 + -19 + -14 + 48
13
Evaluate (4 - 3 - (1 - 3)) + -7 - 2.
-6
Evaluate -8 - (7 - (2 + -8 + 9)).
-12
What is -21 + 3 - (4 - -3)?
-25
What is 6 - (-4 + 1) - (63 - 81)?
27
What is the value of -2 + 2 + 7 + 10 + -1 + -2?
14
What is 9 + -16 - (-5 + -7 + 9)?
-4
What is the value of -2 + 6 + 0 + (-921 - -941)?
24
(-14 + (6 - 0) - (-30 - -13)) + -31
-22
13 + 0 + -1 + -9 + (85 - 97)
-9
What is 42 - 26 - (-6 + 24)?
-2
Evaluate 8 - (0 + 12 + -11).
7
What is 6 - (-1 - 0) - (4 + -5 - -6)?
2
What is the value of (5 - (2 + (4 - -9))) + 35?
25
Calculate 1 + 2 + -8 + (23 - 9 - 7).
2
What is the value of 16 - 29 - (2 - 9)?
-6
Evaluate 6 + -3 + ((0 - -3) + 2 - 3).
5
Calculate 4 + 1 - (-6 - (8 - 15 - -8)).
12
What is -8 + 16 + -13 + -3 - 19?
-27
Evaluate 15 + -25 + 13 + 5 + 3.
11
What is the value of -19 + (21 - -8) + -8?
2
Evaluate (0 - (10 - 6)) + 11.
7
What is (-15 - -19) + 30 + -64?
-30
Evaluate 15 - (-3 - 10 - -40).
-12
What is -1 + 7 - (-56 + 32 + 9)?
21
What is the value of 0 - 11 - (-18 - (-6 - 7)) - -21?
15
What is the value of (-34 - -3) + 9 + (11 + -1 - 3)?
-15
What is (2 - 6 - (-3 + -12 + 14)) + 0?
-3
What is -17 + -4 + -5 - (3 + -2 + -6)?
-21
Calculate -6 + 24 + -6 + -28.
-16
Calculate 18 - (-87 - -31 - -40).
34
-14 + 20 + (2 + -11 - -6)
3
What is the value of (1 - 12) + -1 - (72 - 84 - -15)?
-15
Evaluate -8 + (1 - 8 - -1 - (8 + 1)).
-23
Calculate 3 + (3 - -3) - (-5 + 3 - -20).
-9
Evaluate -22 + 22 + (-3 - 9).
-12
Calculate -5 + 9 + (2 - 15).
-9
9 - (2 + (-14 - -6)) - -1
16
What is the value of (-10 - (1 - 0)) + (19 - -50) + -74?
-16
39 + -75 + 6 - -68
38
-17 + 16 - 0 - 7
-8
What is -8 + (6 + 9 - 4)?
3
What is (7 - (1 - -10)) + -8 - -10?
-2
What is 1 - (12 - 1 - (-44 + 44))?
-10
What is 8 - (8 + (-17 - -6))?
11
What is the value of -15 + 86 + -80 + (15 - 1)?
5
What is the value of (-5 - 0 - -19 - -2) + -5?
11
What is the value of -26 - (1 - 21 - (-1 + -8))?
-15
20 - (29 + (-11 - -5))
-3
(-1 - (-2 + -6)) + -8 + -3
-4
Evaluate 2 - (23 + -8) - 17 - -15.
-15
2 - (-4 + -8 + -2 + 6)
10
What is -43 + (8 - 0) + 41?
6
Evaluate 4 - 1 - (0 + 1) - (-446 + 464).
-16
Evaluate 51 - 48 - -12 - (-2 + 2).
15
What is -31 - (26 + -17) - -24?
-16
-1 - (-9 + 3 - (-13 - 5))
-13
What is the value of -7 - (40 + (15 - 40))?
-22
Evaluate 6 + 3 + (21 - 29).
1
Evaluate 27 + -23 - (10 - (0 - -2)).
-4
Evaluate -34 + 10 - (2 + (7 - (-2 + 14))).
-21
What is (3 - (-3 + 5)) + (-112 - -104)?
-7
Calculate 7 + (4 - (4 + -5 + 4 + -1)).
9
Calculate -1 + 3 + -6 - 2 - (-82 - -85).
-9
-1 + (2 + (2 - 2) - (40 - 39))
0
(-3 - -16) + -15 + -30 - 3
-35
(-11 - 4 - (3 - 3)) + 3
-12
1 + (-1 - -2) + 9 + (-11 - 0)
0
What is -8 - -35 - ((2 - 2) + 9)?
18
What is (2 - (7 + -5)) + -2 + 3 + -6?
-5
What is (10 - -1) + -1 + (-32 + -42 - -71)?
7
What is the value of -15 + (11 - (4 + -10))?
2
-381 + 385 - (8 + 1)
-5
-1 + 11 + -208 + 211
13
What is the value of 14 + (-14 - -5) + 1?
6
What is the value of -8 - (10 + (-45 - -10) - -7)?
10
-8 + (-15 - (3 - 22))
-4
Calculate -19 + (43 - 10) - (6 + -3).
11
What is 12 - (-12 + 3 + 6)?
15
Calculate -2 + (6 - (5 + 13 - -4)) - -6.
-12
What is the value of 1 + (3 + -4 - -8) + (-13 - -19)?
14
Evaluate -1 + 5 + 2 + 6.
12
What is -8 - 5 - (19 + -24)?
-8
Calculate -4 - -2 - (-7 - 2 - 9).
16
What is (18 - 16) + 17 - 10?
9
Evaluate 0 + -15 + 1 - (15 - (-6 - -22)).
-13
-108 + 51 + 59 + -1 + -21
-20
Calculate 0 - (-8 + 32 + -9 + 4) - 7.
-26
-4 + -13 + 12 + -4 - (12 + 0)
-21
What is the value of -12 + 8 - ((15 - 14) + (13 - 0))?
-18
What is the value of (3 - 13) + 8 - (7 + 3 - 5)?
-7
What is the value of 9 + -18 + -4 + (2 - -4)?
-7
What is -8 + 4 - (-6 - -4 - -3)?
-5
Evaluate (21 + -10 - (1 + 3)) + -30 + 29.
6
16 - (13 + (-8 + -2 + 12 - 10))
11
What is the value of -19 + (7 - -25) + -4?
9
What is 74 - 77 - ((-2 - -2) + 16 + -4)?
-15
Evaluate 1 + 0 - (-162 - -172 - (0 - -21)).
12
What is the value of 3 + (-5 + -5 - -9) - (16 + -1)?
-13
2 + (6 - 12) + -4 + -6
-14
26 + -19 - (1 + -13 - -1)
18
-10 + (-3 - (8 - 15)) + -3 + 12
3
9 - -3 - 2 - 5
5
Calculate (2 - -9) + (3 - 13) - (-5 + 0).
6
Evaluate -15 - (-3 + -5 + (-22 - -18)).
-3
Evaluate -11 + (6 - 4) - (-19 + 13).
-3
Calculate 45 + (-12 - 34) - (-6 + 0 + -3).
8
What is the value of -25 + (0 - -3) + (66 - 63) + 1?
-18
What is -28 + -16 + 19 + 2 + -8?
-31
What is 12 + (10 - 12) + -2?
8
Evaluate (5 + 2 - (47 + -42)) + -11.
-9
What is the value of 359 - 345 - (42 + (-3 - -1))?
-26
Evaluate (11 - (-24 - (-10 - 3))) + (2 - 8).
16
Evaluate -7 + (-15 - -16) - -4.
-2
Evaluate 28 + -51 + (-1 - (-2 - 3)) + 8.
-11
(4 - 11) + -5 + 3 + 2 - 8
-15
What is the value of 1 + -10 + 5 + 4 + 2?
2
Calculate 7 + -8 + 6 + -12 + -3.
-10
What is (7 - 1) + 13 + (-6 - 3)?
10
-15 + 26 - (3 + -14)
22
Calculate (-12 + 17 - 19) + -5.
-19
Evaluate (960 - 924) + (-1 - 54).
-19
Calculate -5 - -5 - ((1 - 1) + 2 + -10).
8
What is -12 + (0 - 5) + (-98 - -103) + 7?
-5
What is the value of -10 + 0 - (-11 + (40 - 8 - 12))?
-19
What is the value of -43 - (-14 + -1 - 11)?
-17
-4 - (-2 + (-9 - -5) - (-12 - 0))
-10
What is the value of -45 + 20 - -33 - 0?
8
What is -27 + 11 + 14 + -14 + 0?
-16
Calculate 5 - 1 - (2693 + -2693).
4
Evaluate (43 + -36 - (-1 + 13)) + (9 - 3).
1
Calculate 73 + -75 + 2 + -1 + 2 + -7.
-6
What is the value of (-18 - (1 - -10)) + 12?
-17
(0 - 3) + 8 + -6
-1
Calculate 5 - (-21 + (1 - -32)).
-7
-10 - (24 + -26 - 20)
12
Calculate -7 + 2 + -22 - -17.
-10
What is the value of 17 + 0 + (-4 - (17 + -12 + -9))?
17
What is the value of (19 - (-9 + 35) - (-7 + 0)) + -6?
-6
Calculate 7 + (-8 - (-6 - (1 - (-9 + 6)))).
9
Evaluate -24 - (-17 + -15) - (11 - 3).
0
What is the value of -3 -